 is divided by 29.
14
Calculate the remainder when 2430 is divided by 303.
6
Calculate the remainder when 366 is divided by 23.
21
Calculate the remainder when 12329 is divided by 90.
89
Calculate the remainder when 323 is divided by 13.
11
What is the remainder when 486 is divided by 42?
24
Calculate the remainder when 116 is divided by 11.
6
Calculate the remainder when 130 is divided by 81.
49
Calculate the remainder when 677 is divided by 62.
57
Calculate the remainder when 671 is divided by 14.
13
Calculate the remainder when 2528 is divided by 110.
108
Calculate the remainder when 301 is divided by 16.
13
Calculate the remainder when 44 is divided by 11.
0
What is the remainder when 560 is divided by 152?
104
What is the remainder when 42 is divided by 30?
12
Calculate the remainder when 40 is divided by 18.
4
What is the remainder when 147 is divided by 140?
7
What is the remainder when 1190 is divided by 23?
17
Calculate the remainder when 1116 is divided by 140.
136
What is the remainder when 1725 is divided by 214?
13
What is the remainder when 442 is divided by 79?
47
What is the remainder when 905 is divided by 184?
169
Calculate the remainder when 1217 is divided by 87.
86
Calculate the remainder when 2253 is divided by 41.
39
Calculate the remainder when 212 is divided by 44.
36
What is the remainder when 1323 is divided by 39?
36
Calculate the remainder when 166 is divided by 82.
2
What is the remainder when 923 is divided by 37?
35
Calculate the remainder when 599 is divided by 52.
27
Calculate the remainder when 3858 is divided by 39.
36
What is the remainder when 47 is divided by 20?
7
Calculate the remainder when 238 is divided by 30.
28
Calculate the remainder when 1691 is divided by 420.
11
Calculate the remainder when 60 is divided by 46.
14
What is the remainder when 1174 is divided by 47?
46
What is the remainder when 135 is divided by 52?
31
What is the remainder when 1777 is divided by 74?
1
What is the remainder when 1505 is divided by 14?
7
Calculate the remainder when 96 is divided by 30.
6
What is the remainder when 319 is divided by 25?
19
What is the remainder when 191 is divided by 185?
6
What is the remainder when 6012 is divided by 16?
12
Calculate the remainder when 398 is divided by 89.
42
What is the remainder when 252 is divided by 126?
0
Calculate the remainder when 3069 is divided by 127.
21
Calculate the remainder when 157 is divided by 34.
21
Calculate the remainder when 1695 is divided by 339.
0
What is the remainder when 166 is divided by 26?
10
What is the remainder when 247 is divided by 98?
51
What is the remainder when 2291 is divided by 17?
13
Calculate the remainder when 24 is divided by 7.
3
Calculate the remainder when 309 is divided by 6.
3
What is the remainder when 331 is divided by 80?
11
What is the remainder when 558 is divided by 181?
15
What is the remainder when 139 is divided by 47?
45
What is the remainder when 634 is divided by 107?
99
What is the remainder when 971 is divided by 245?
236
What is the remainder when 3704 is divided by 8?
0
What is the remainder when 118 is divided by 40?
38
What is the remainder when 146 is divided by 2?
0
Calculate the remainder when 224 is divided by 46.
40
Calculate the remainder when 910 is divided by 452.
6
Calculate the remainder when 1002 is divided by 67.
64
What is the remainder when 415 is divided by 17?
7
What is the remainder when 1033 is divided by 99?
43
What is the remainder when 36 is divided by 10?
6
What is the remainder when 34 is divided by 19?
15
What is the remainder when 9 is divided by 5?
4
Calculate the remainder when 2283 is divided by 15.
3
What is the remainder when 2057 is divided by 29?
27
What is the remainder when 154 is divided by 76?
2
Calculate the remainder when 1845 is divided by 43.
39
Calculate the remainder when 196 is divided by 185.
11
Calculate the remainder when 2647 is divided by 45.
37
Calculate the remainder when 2121 is divided by 35.
21
What is the remainder when 71 is divided by 34?
3
What is the remainder when 13176 is divided by 13?
7
What is the remainder when 4100 is divided by 2034?
32
What is the remainder when 176 is divided by 46?
38
Calculate the remainder when 59 is divided by 9.
5
What is the remainder when 854 is divided by 3?
2
What is the remainder when 2307 is divided by 22?
19
Calculate the remainder when 899 is divided by 41.
38
Calculate the remainder when 963 is divided by 321.
0
What is the remainder when 138 is divided by 16?
10
What is the remainder when 3583 is divided by 112?
111
Calculate the remainder when 2592 is divided by 326.
310
Calculate the remainder when 40 is divided by 17.
6
What is the remainder when 317 is divided by 60?
17
Calculate the remainder when 275 is divided by 147.
128
Calculate the remainder when 303 is divided by 18.
15
Calculate the remainder when 64 is divided by 7.
1
Calculate the remainder when 338 is divided by 4.
2
What is the remainder when 430 is divided by 216?
214
Calculate the remainder when 93 is divided by 26.
15
What is the remainder when 26 is divided by 18?
8
What is the remainder when 1426 is divided by 28?
26
What is the remainder when 168 is divided by 43?
39
What is the remainder when 46 is divided by 10?
6
What is the remainder when 24 is divided by 12?
0
Calculate the remainder when 520 is divided by 260.
0
Calculate the remainder when 350 is divided by 16.
14
Calculate the remainder when 245 is divided by 81.
2
What is the remainder when 414 is divided by 136?
6
What is the remainder when 267 is divided by 63?
15
Calculate the remainder when 102 is divided by 20.
2
Calculate the remainder when 2286 is divided by 65.
11
What is the remainder when 206 is divided by 35?
31
Calculate the remainder when 1907 is divided by 87.
80
Calculate the remainder when 525 is divided by 48.
45
What is the remainder when 57 is divided by 40?
17
Calculate the remainder when 483 is divided by 27.
24
Calculate the remainder when 26 is divided by 20.
6
What is the remainder when 208 is divided by 35?
33
What is the remainder when 121 is divided by 6?
1
What is the remainder when 33207 is divided by 270?
267
Calculate the remainder when 221 is divided by 58.
47
Calculate the remainder when 109 is divided by 14.
11
Calculate the remainder when 155 is divided by 62.
31
Calculate the remainder when 644 is divided by 127.
9
What is the remainder when 43 is divided by 12?
7
What is the remainder when 875 is divided by 185?
135
Calculate the remainder when 248 is divided by 52.
40
Calculate the remainder when 46 is divided by 30.
16
What is the remainder when 693 is divided by 24?
21
Calculate the remainder when 1484 is divided by 299.
288
What is the remainder when 98 is divided by 67?
31
Calculate the remainder when 2063 is divided by 44.
39
Calculate the remainder when 47 is divided by 25.
22
What is the remainder when 6892 is divided by 39?
28
Calculate the remainder when 725 is divided by 28.
25
Calculate the remainder when 388 is divided by 62.
16
What is the remainder when 808 is divided by 45?
43
Calculate the remainder when 430 is divided by 190.
50
Calculate the remainder when 99 is divided by 20.
19
Calculate the remainder when 2341 is divided by 67.
63
Calculate the remainder when 3034 is divided by 161.
136
Calculate the remainder when 3408 is divided by 149.
130
What is the remainder when 1241 is divided by 27?
26
Calculate the remainder when 76 is divided by 7.
6
Calculate the remainder when 1124 is divided by 141.
137
Calculate the remainder when 276 is divided by 12.
0
What is the remainder when 310 is divided by 262?
48
What is the remainder when 719 is divided by 60?
59
Calculate the remainder when 520 is divided by 58.
56
Calculate the remainder when 3836 is divided by 2.
0
What is the remainder when 19 is divided by 11?
8
Calculate the remainder when 919 is divided by 13.
9
What is the remainder when 732 is divided by 552?
180
Calculate the remainder when 1032 is divided by 510.
12
What is the remainder when 625 is divided by 348?
277
Calculate the remainder when 132 is divided by 44.
0
What is the remainder when 5 is divided by 5?
0
Calculate the remainder when 10145 is divided by 5067.
11
Calculate the remainder when 51 is divi